0, 2*h + 0*h = 2*v + 14. Suppose -4*q = -5*r - 140, 32 = -h*q - 4*r + 166. List the prime factors of q.
2, 3, 5
Let l(t) = -19*t. Let c be l(2). Let u = 132 + -150. Let s = u - c. What are the prime factors of s?
2, 5
Let q be (98/(-1) + 3)/(-1). Let l = 36 + q. What are the prime factors of l?
131
Suppose 6*m - 2514 = -0*m. What are the prime factors of m?
419
Let c(n) = n**3 - n**2 + n - 4. Let x = -28 - -21. Let r(m) = -m - 4. Let h be r(x). What are the prime factors of c(h)?
17
Let s(z) = 28*z - 4. Let g be s(-4). Let h = g + 248. List the prime factors of h.
2, 3, 11
Let j be (106/(1 - 2))/(-2). Suppose -4*z = -3*g + j, 0*g - 5*g + 23 = -2*z. Let d = 7 - z. List the prime factors of d.
3, 7
Suppose 94 + 399 = w. List the prime factors of w.
17, 29
Let s = -84 + 73. What are the prime factors of s/3 + 3 - 519/(-9)?
3, 19
Let n = 27 - 24. Suppose 4*k = -2*c - c - 323, 318 = -3*c - n*k. Let o = c - -148. What are the prime factors of o?
47
Suppose -175 = -9*c + 14*c. Let d = c - -81. List the prime factors of d.
2, 23
Suppose -a + g + 2027 = 0, 5*g - 4029 = -2*a + 2*g. What are the prime factors of a?
2, 3, 337
Suppose -19*r + 11130 = -973. What are the prime factors of r?
7, 13
List the prime factors of (14/28)/((-1)/(-1038)).
3, 173
Let r = -227 - -367. List the prime factors of r.
2, 5, 7
Suppose 4*r + 5*b - 11 = 9, 2*b + 15 = 3*r. Suppose -49 = -2*f + r. List the prime factors of f.
3
Let g be (16/(-6))/((-8)/60). Let t = 75 - 87. Let x = g + t. What are the prime factors of x?
2
Suppose -2*i - 3*i = -10. Let f(s) = -2*s**2 + 5*s - 2. Let v be f(2). Suppose v = -7*u + i*u + 50. List the prime factors of u.
2, 5
Suppose -24*u - 12*u = -133812. List the prime factors of u.
3, 7, 59
Let h = 1647 - -3100. List the prime factors of h.
47, 101
Suppose 6*f + 24 = 2*f. Let a be f/(-30) + (-2148)/15. Let m = a + 218. What are the prime factors of m?
3, 5
Let v = 41 - 5. Let q = v - 19. What are the prime factors of q?
17
Let o(w) be the second derivative of w**5/20 - w**4/6 + 5*w**3/3 - 8*w**2 - 19*w. List the prime factors of o(5).
109
Suppose -8*s + 9989 - 3637 = 0. List the prime factors of s.
2, 397
List the prime factors of ((-2)/2)/(17/(-68)) + 130.
2, 67
Let u(h) = 11*h + 5. Let y be u(-5). Let p be -1 + -1 - (y - -2). Let n = p - 24. List the prime factors of n.
2, 11
Suppose -5*k + 2793 = 2*k. What are the prime factors of k?
3, 7, 19
Suppose -5*t = k - 3897, 3*k - k = -6. Suppose -9*n = -15*n + t. What are the prime factors of n?
2, 5, 13
Let g be (-30)/4*-2 + -1. Let m be g/(-2*(-3)/12). Suppose -5*c - m = -158. What are the prime factors of c?
2, 13
Let z = -24 - -43. Suppose 3*j = -5*w + z, 0*j - j - 17 = -3*w. List the prime factors of (-81)/j + 2/4.
41
Let l be (2/(-4))/((-2)/12). Let y be (6/(-4))/(l/(-30)). Suppose 3*n + 0*n - y = 0, 4*b - 117 = 3*n. What are the prime factors of b?
3, 11
Let q = 1415 + -742. List the prime factors of q.
673
Suppose 0 = o + 4*m - 164 - 17, -4*o + 800 = -3*m. Suppose -o = -3*l - 8. Suppose r + l = -4*n + 9*n, -5*n = -3*r - 59. List the prime factors of n.
13
Let r(p) = -2*p**2 + 1. Let t be r(-4). Let d = 99 - t. Suppose 5*s - 2*w + 4*w = d, 0 = -5*w - 25. What are the prime factors of s?
2, 7
What are the prime factors of (174*34/(-255))/(4/(-190))?
2, 19, 29
List the prime factors of ((21595/(-2))/7)/((-18)/36).
5, 617
Let f be 2*-1*21/6. Let l = f - -11. Suppose -2*u - k + 30 = 2*u, l*u - 34 = -3*k. What are the prime factors of u?
7
Let i = -316 - -709. List the prime factors of i.
3, 131
Let p be (-4 + (-6)/(-9))/(2/(-63)). Let o = p + -54. List the prime factors of o.
3, 17
Suppose 3*c + 0*c - 36 = 0. Suppose -b - 4*f = -33 + c, 0 = 5*b - 2*f - 171. List the prime factors of b.
3, 11
Let w = 693 - 445. List the prime factors of w.
2, 31
Let i(k) = -546*k + 42. What are the prime factors of i(-2)?
2, 3, 7
Suppose 4*d = 3*u - 5*u + 2250, 5 = -5*d. List the prime factors of u.
7, 23
What are the prime factors of 2*((-263)/(-2))/(7/14)?
2, 263
Let o(s) = -30*s - 5. Let g be o(-2). Suppose -a = -g + 16. List the prime factors of a.
3, 13
Let y(b) = b - 9. Let n be y(11). Suppose 0 = -4*k, -4*c - 4*k = -n*c + 4. What are the prime factors of c*(-37 - (0 - 3))?
2, 17
Suppose 2*j + 8 = 6*j. Suppose -j*t = t. Let q = t + 13. What are the prime factors of q?
13
Suppose -9 = -0*k - 3*k. Suppose -4 + 0 = -4*w, 0 = x - k*w - 12. Let l = 16 + x. List the prime factors of l.
31
Let n(r) = -4*r**2 - r + 3. Let y(o) = -o**2 + 1. Let l(j) = n(j) - 5*y(j). Let q be l(-2). Suppose -116 + 28 = -q*p. What are the prime factors of p?
2, 11
Suppose 4*y = -y + 15. Let q(h) = -4*h + 7. Let t be q(y). What are the prime factors of (-12)/(-30) + (-73)/t?
3, 5
Suppose -194*u + 8040 = -182*u. List the prime factors of u.
2, 5, 67
Let d(h) = -33*h - 51. Let g(f) = 17*f + 25. Let k(o) = -3*d(o) - 7*g(o). What are the prime factors of k(-8)?
2, 3, 23
Suppose -2*w - 96 = -12*f + 9*f, 2*w = -4*f - 110. Let a = 265 + -189. Let u = a + w. List the prime factors of u.
5
Let y(q) = q - 9. Let x be y(13). Suppose 5*v + 5*n = 125, 9*n = -4*v + x*n + 97. Suppose 23*t + 205 = v*t. What are the prime factors of t?
41
Let b(r) be the third derivative of -r**6/120 + 3*r**5/40 - r**4/24 - 4*r**2. Let s(y) be the second derivative of b(y). List the prime factors of s(-10).
3, 23
Suppose -2*w + 29 = 9. Let d(x) = w*x + 8 - x - 5*x**2 + 6*x**2 + x. List the prime factors of d(-11).
19
Let g(k) = 6 + 2*k - 2*k - 7*k + k**2 + 0*k**2. Let p be g(7). Suppose 11*m - 165 = p*m. What are the prime factors of m?
3, 11
Let n = 1474 + -951. What are the prime factors of n?
523
Let g(d) = -2*d**3 - 4*d**2 - 6*d - 30. What are the prime factors of g(-4)?
2, 29
Let j be -3*(2 + 217/(-3)). Let q = j + -89. What are the prime factors of q?
2, 61
Let r(x) = 8 + 9 - 3*x - 4. Suppose 4*o - 20*o = 144. List the prime factors of r(o).
2, 5
Let g = -524 + 2254. List the prime factors of g.
2, 5, 173
Let q(n) = n - 2. Let u be q(4). Suppose 21 = -2*l + 5*f, -2*f + 6 = -2*l - 0. Suppose x + h + 36 = l*x, 0 = u*h + 6. List the prime factors of x.
3, 11
Let o(q) = -7*q - 2*q**2 + 6*q**2 - 3 - q**2. What are the prime factors of o(6)?
3, 7
Let a be -5*((-21)/(-3) - 4). What are the prime factors of (-2410)/a + (-2)/3?
2, 5
Let r be ((-1)/2 - 0)/(8/(-16)). List the prime factors of r*-2 + (-497 - 1)/(-6).
3
Let c(a) = -8*a**2 - a**3 + 0*a**3 - a + 7*a**2 + 7. Let k be c(0). Suppose k*w - 146 = 5*w. List the prime factors of w.
73
Suppose -4*r = -27 + 11, 0 = 3*c + 3*r - 804. Suppose 5*t - c = -t. List the prime factors of t.
2, 11
Let t be 2 + (0 - 3/1). Let x = 46 - t. List the prime factors of x.
47
Suppose -2*z + 0 = 8. Let v be 1*-1*(7 - z). Let q = v - -15. List the prime factors of q.
2
Let a = 1523 - 863. List the prime factors of a.
2, 3, 5, 11
Suppose -5*l + 2*o + 470 = -3*o, o = -5*l + 476. Let x = 31 + l. What are the prime factors of x?
2, 3, 7
Let p = 115 - 110. Suppose p*d - 6*d = -189. List the prime factors of d.
3, 7
Let s(x) = -x**3 + 9*x**2 - 11*x + 16. Let i be s(7). Let k = i - -13. What are the prime factors of k?
2, 5
List the prime factors of 104730/120 - 6/8.
2, 109
Let v = -15 - -12. Let g be ((-3)/(-3))/((-1)/10). What are the prime factors of g/v*1*6?
2, 5
Let h(m) = m**3 - 3*m**2 - 24*m + 20. Let l be h(8). Suppose 3*w - 4*d - 363 = l, -4*w = -3*d - 672. List the prime factors of w.
3, 5, 11
Let h = -8 + 11. Suppose 3*g + g = -h*m + 14, -5*m = -g - 8. What are the prime factors of m/(2/11) - 3?
2
Suppose -x + 3*p = 3*x - 5410, 2698 = 2*x + 2*p. What are the prime factors of x?
7, 193
Suppose 0*f = -9*f - 27. What are the prime factors of 11/(-33) + (-211)/f?
2, 5, 7
Suppose -2162 = -2*q - 3*v, -q + v - 366 = -1447. List the prime factors of q.
23, 47
Let g(f) = -9*f**2. Let j(n) = 9*n**2. Let l(u) = -3*g(u) - 2*j(u). Let w = 0 - -3. What are the prime factors of l(w)?
3
Let g = 8 + 2. Suppose -g - 2 = -4*f. Suppose 0*m - f*m + 39 = 0. List the prime factors of m.
13
Suppose 5*f + 9 - 49 = 0. Let v = -35 + f. Let x = 36 + v. List the prime factors of x.
3
Suppose -4*n = 3*p - 10, -2*p + 2*n - 8 = 4. List the prime factors of (-4 + 73)/(3 + p).
3, 23
Let j(i) = -i**3 + 2*i**2 + 3*i - 1. Let z(v) = 2*v**2 - 15*v + 5. Let k be z(7). Wha